d be w/(-4)*-1 - 179/(-2). Calculate the greatest common divisor of d and 30.
30
Let v(f) = -48*f + 2*f**3 - 1373 - f**3 + 8*f**2 + 1370. Let n be v(8). Calculate the highest common factor of n and 13.
13
Suppose -52648 = 108*z - 54160. Let j = -122 - -696. Calculate the highest common divisor of j and z.
14
Let l = -2496 + 4246. Suppose v + l = 8*v. What is the greatest common factor of v and 10?
10
Let u = 68 + -17. Let f = u + 59. Let d(z) = -z**3 - 2*z**2 + 9*z + 40. Let t be d(-3). What is the greatest common factor of f and t?
22
Let v(k) = -5*k - 51. Suppose o = 26*o + 325. Let t be v(o). Calculate the highest common factor of 322 and t.
14
Let a be (-1 + 0)/(9/(-36)). Let q be (-1)/(-2) - 18/a. Let i be -13*2/q - 8/(-16). Calculate the greatest common divisor of i and 56.
7
Let p = -111 - -130. Suppose 11*g - 58 = p. Let h be 5/(-10) - (-99)/2. Calculate the greatest common factor of h and g.
7
Let o = -3081 + 3431. What is the greatest common divisor of 56 and o?
14
Let t(u) = 91*u + 419. Let y be t(-4). What is the highest common factor of 85 and y?
5
Suppose -253*z + 202*z = -2448. Calculate the highest common divisor of z and 1944.
24
Suppose s = -f + 423, -2*f = -3*s + 1760 - 506. Suppose -1421 = -2*z - 1381. Calculate the highest common factor of z and s.
20
Suppose 30 = 5*o, 3*x - 7981 = -o + 8486. Calculate the highest common divisor of x and 93.
93
Let t be 669 - (14 + -18 + 1 + 9). Calculate the highest common factor of t and 780.
39
Let j(p) = -2*p**3 - 16*p**2 + 2*p - 108. Let w be j(-9). What is the greatest common divisor of w and 3258?
18
Let u be 2 + 12296/12 - 1/(-3). Suppose -9*w + 458 = -u. What is the highest common factor of w and 15?
15
Let q = -989 + 1000. What is the highest common divisor of 77 and q?
11
Suppose -5*d + 2*i + 3704 = 6*i, -3708 = -5*d - 3*i. What is the highest common factor of 1767 and d?
93
Let w(n) = n**2 + 93*n + 1164. Let u be w(-13). What is the greatest common divisor of u and 12?
4
Suppose 0*l - 2*l = -36. Let i = 38 - l. Suppose -2*b - 10 + 30 = 0. What is the greatest common factor of i and b?
10
Let q be (40/(-11))/(20/(-110)). Calculate the highest common factor of q and 4540.
20
Suppose -1285 - 1939 = -31*k. Calculate the highest common divisor of 1196 and k.
52
Let i(l) = 105*l - 370. Let t be i(7). Calculate the highest common factor of t and 1679.
73
Let q = 6 - 5. Suppose 475*s - 2245 - 10375 = 4955. What is the greatest common divisor of q and s?
1
Let u be -50*7/((-14)/8). Suppose 5*k = 145 + u. Let b = 104 - k. Calculate the highest common divisor of 14 and b.
7
Let x(n) = -104*n - 79. Let h be x(-7). Calculate the greatest common factor of h and 77.
11
Let m(u) = 3*u**2 + 73 + 6876*u - 6912*u - 2*u**2. Let a be m(35). Let s(v) = -5*v - 1. Let n be s(-4). What is the greatest common factor of n and a?
19
Suppose -4*f = -j - 17, f + 2*f - 3*j - 24 = 0. Let r be 27 + (1 - f) + 9 + -4. Calculate the highest common factor of r and 330.
30
Let z = 262 - 763. Let b = 1366 + z. Suppose -511 = 4*q - m - 1386, -3*m = -4*q + b. Calculate the highest common factor of q and 11.
11
Let g be -2 + -3 + 34 - 3. Suppose -3*c + 4*k - 1146 = -3556, 4*c + 4*k - 3232 = 0. Calculate the highest common factor of g and c.
26
Suppose y = 2*r - 1069 + 2813, r - 8676 = -5*y. Calculate the highest common factor of 62 and y.
62
Suppose 9 = -6*c + 9*c. Suppose s - n - 26 = -3*s, -2*s - c*n + 6 = 0. Suppose -8*l = -s*l - 32. Calculate the greatest common divisor of 4 and l.
4
Let q = -1803 - -1951. Calculate the highest common divisor of q and 296.
148
Let v(c) = -c - 1. Let o be v(-4). Suppose -16*n + 18*n - x = 128, -2*x = 7*n - 503. Calculate the greatest common factor of n and o.
3
Suppose -r + 5*i = -491, -4*i + 703 = 3*r - 637. What is the highest common factor of r and 780?
12
Let f be (-7 - 1848/(-70))*305. What is the greatest common divisor of 388 and f?
97
Let g(a) = -3*a + 44. Suppose 2*f = 3*o + 29, -3*f + 0*f + o + 33 = 0. Let y be g(f). What is the highest common divisor of y and 126?
14
Let t = 2 - -12. Let u(v) = 78*v**2 + 426*v - 427. Let z be u(1). Calculate the highest common divisor of z and t.
7
Suppose 3*c = 2*c + 2. Suppose 2*v + w - 677 = -3*v, -4*w + 278 = 2*v. Let o = v - 127. What is the greatest common divisor of c and o?
2
Let z be 4/14 - (-576)/(-56). Let c be 5/(5/(-4)) - (z + -10). Calculate the greatest common factor of 128 and c.
16
Let w(t) = -2*t**2 - 46*t - 24. Let q be w(-22). Suppose 4*s + 58 = 78. Suppose s*u = -q, 2*y + 2*y = -u + 12. What is the greatest common factor of y and 36?
4
Let i = -18466 + 18607. What is the highest common divisor of 1081 and i?
47
Let m(g) = -3*g**3 + 175*g + 343. Let n be m(-2). Calculate the highest common divisor of n and 3247.
17
Suppose 56 - 71 = 3*w, -17 = -4*m + w. Let o be (-8 - -362)/6 - m. What is the highest common divisor of o and 8?
8
Suppose -160*x = -147*x - 728. Calculate the highest common factor of 98 and x.
14
Let p be (-8)/1 - (1120/(-10) + 0). Suppose v - 5*f + 7 = 0, -f + 6*f = 2*v - 1. What is the greatest common divisor of v and p?
8
Let y(z) = -9*z**2 + 57*z - 65. Let m(c) = -4*c**2 + 29*c - 33. Let w(j) = -5*m(j) + 2*y(j). Let b be w(15). What is the greatest common factor of b and 25?
5
Let k(o) = -22*o**3 - 11*o**2 - 10*o - 193. Let h be k(-8). What is the greatest common divisor of 217 and h?
31
Let p(x) be the second derivative of -37*x**3/2 - 168*x**2 + 279*x. Let q be p(-12). What is the greatest common factor of 12 and q?
12
Let n be (-160)/(-10) + -27 + 4133 + 3. Calculate the greatest common divisor of 55 and n.
55
Let c be 11354835/1155 - 8/308. Calculate the greatest common divisor of c and 261.
87
Let d(x) = 2*x**2 + 15*x - 20. Let p be d(-9). Suppose 0 = 3*v + p - 1. Let h be (7/(-21))/(v/18). What is the highest common divisor of 3 and h?
3
Let l = -27 + 192. Suppose j = -3*j - 4*p + 128, 0 = 2*p + 2. Calculate the highest common divisor of j and l.
33
Let b(t) = 9*t - 95. Let c be 30/(8 + -8 - (1 - 3)). Let z be b(c). Calculate the greatest common factor of z and 680.
40
Let q = 3041 + -3019. Calculate the highest common divisor of 3806 and q.
22
Let s(z) = z**3 - z**2 - 6*z + 4. Let p be s(0). Suppose -38 = -3*x + 5*r, x + p*x - 3*r - 74 = 0. Calculate the highest common factor of 8 and x.
8
Suppose 7*a - 8*a = -123. Let k be a*((-16)/(-6) + -5 + 3). Suppose 56 + k = 6*l. What is the greatest common divisor of l and 207?
23
Suppose 0*x = -3*x + 42. Suppose -295 = -5*t - 3*z, -5*t + 272*z + 255 = 267*z. Calculate the greatest common divisor of x and t.
14
Let k(n) = 5*n - 184. Let b be k(48). Let f(c) = c - 6. Let o be f(8). Suppose o*j + 7 = 3*j. Calculate the highest common factor of b and j.
7
Let n(j) = 18*j - 777. Let p be n(45). Let d be ((-11)/2)/((-4)/48). Calculate the greatest common factor of d and p.
33
Let y be (39 - 1) + (-3 - (-1 - 2)). Suppose -37*h - 99 = -y*h. Let k = 38 + -29. Calculate the highest common factor of k and h.
9
Suppose 5*b + 10*q - 6315 = 7*q, 4*q = 4*b - 5020. Suppose 0 = 38*k - 8*k - b. What is the greatest common divisor of 49 and k?
7
Suppose 2*i = -5*s - 277, 5*i = -3*s - 638 - 102. Let g = i + 552. Suppose 5*d - g = z, 2*d + z - 162 = 3*z. What is the highest common divisor of d and 16?
16
Let b(f) = -f + 14. Let c(w) = -6*w**2 - 41*w + 9. Let q be c(-7). Let d be b(q). What is the greatest common factor of d and 24?
12
Let q be 2/10 + (-178)/(-10). Suppose 0 = d + 568 - 561. Let l(z) = z**2 - 3*z - 52. Let y be l(d). Calculate the greatest common divisor of y and q.
18
Let b = -20 + 2. Let n be (-2)/(26/(-691)) - b/(-117). Let d = 117 - n. Calculate the highest common divisor of 16 and d.
16
Let r(n) = -n**3 - 6*n**2 - 2*n - 12. Let m be r(-6). Let w(z) = -6*z + 24. Let b be w(m). What is the highest common divisor of b and 96?
24
Let o be -1 + (2 - 3) + 0. Let h = o - -8. Let b(p) = 2*p**2 + 374*p - 6930. Let l be b(17). What is the highest common divisor of h and l?
6
Let a = 9389 - 7915. What is the highest common divisor of a and 44?
22
Let s be ((-6)/(-10))/(((-45)/(-50))/(-9)). Let x be (s + (-40)/(-24))/(2/(-18)). What is the highest common divisor of x and 169?
13
Let n be (-7)/42*(-12)/2. Let c be (n/2)/((-21)/(-2520)). Calculate the greatest 